 units digit of y?
8
Suppose 15*h - 1019 = 2311. What is the units digit of h?
2
Let r be (-4 + 5)/1*-11. Let p = 193 + r. What is the tens digit of p?
8
Suppose 0*q = q - 2. Let d be (-54)/5*(-5)/q. Suppose 0 = -4*b - d + 83. What is the tens digit of b?
1
Let q = -433 + 245. Let r = -104 - q. What is the units digit of r?
4
Let w = -7 + 6. What is the units digit of 42 - (w + 3 - (-4 + 8))?
4
Suppose -5*w = -4*w, -n - 2*w = -122. Let c = 270 - n. What is the units digit of c?
8
Let o be 1 + 1 - (-8 + 0). Let g be 4/o - 18/(-5). Suppose g*t + 3 - 39 = 0. What is the units digit of t?
9
Suppose 14*u + 15753 = 47771. What is the hundreds digit of u?
2
Let n = -11 - -41. Suppose -n = 7*k - 9*k. What is the tens digit of k?
1
Suppose 0 = -5*b - 15, -4*d - 3*b = 5 - 4. Suppose 2*v + 9*n = 4*n + 295, -4*v + d*n + 602 = 0. What is the hundreds digit of v?
1
Suppose 13*g - 7*g + 1848 = 0. What is the units digit of g/(-21) + (-2)/3?
4
Let w(q) = 6 + 3*q**2 - 8*q**3 - 2*q - 6*q**2 - 4. Let h be w(-2). Suppose h*y - 59*y = -3. What is the units digit of y?
3
What is the tens digit of 69/6*(-74)/(-1)?
5
Let s(o) = o**3 - 9*o**2 + 10*o - 6. Let z(n) = n + 14. Let q be z(-6). Let x be s(q). Let i = x - -3. What is the units digit of i?
3
Suppose -47*a = -48*a + 4*r + 652, 2*a + 2*r - 1284 = 0. What is the units digit of a?
4
Suppose 5*i - 17 = 3. Suppose -i*t - l = -18, -t + 0*t - 3*l = 1. What is the units digit of (-82)/(t/(10/(-4)))?
1
Suppose -7*l = -3471 - 1618. What is the units digit of l?
7
Let u(s) = -9*s**3 - 4*s**2 + 2*s - 5. Let v(k) = -k**2 + k - 1. Let l(d) = -u(d) + 5*v(d). What is the units digit of l(2)?
4
Suppose -2*f - 5*d = -0*f - 26, 2*d = 2*f + 2. Suppose -51 = f*i + 5*r, -i + 2*r - 23 = 5. Let p = 10 - i. What is the units digit of p?
2
Let y = -29 - -38. What is the units digit of y?
9
Let q be 2 - ((-39)/1)/1. Let m(z) = z**2 - z - 78. Let s be m(9). Let b = s + q. What is the tens digit of b?
3
Let g = 1096 - 351. What is the tens digit of g?
4
Suppose -4*q + 1212 + 476 = 0. What is the units digit of q?
2
Suppose -3*y - 1083 = 45*x - 48*x, -y = -5*x + 1793. What is the hundreds digit of x?
3
Let m(o) = 14*o - 12. Let u be 2/7 + 4 + (-656)/(-56). What is the tens digit of m(u)?
1
Let q = -1316 + 3088. What is the units digit of q?
2
Suppose 12*b - 10329 = 75. What is the hundreds digit of b?
8
Suppose -2*w = -2 - 2. Let v(q) = 26 - 26 - q + 4*q**w. What is the units digit of v(-1)?
5
Let s(q) = 2*q**2 + 12*q - 153. What is the tens digit of s(18)?
1
What is the units digit of 21295/20 + 2/8 - 1?
4
What is the units digit of (162/(-24) + -11)/((-3)/12)?
1
Let n = -15 - -11. Let k = n + -16. Let t = k + 67. What is the tens digit of t?
4
Suppose -4*k - 5*l = -10*l - 611, -5*k = -l - 748. What is the units digit of k?
9
Let b = -22 + 10. Let s = b - -12. Suppose -f - 2*f - 3*l + 60 = s, 65 = 3*f + 2*l. What is the units digit of f?
5
Suppose 4*i - 2*w = -4*w + 30, 5*i - 5 = 4*w. Suppose -l + 338 - 35 = i*c, -3*c + l = -185. What is the units digit of c?
1
Let f be 0*(1/2)/1. Suppose -j = -4*v - 85, f = -5*v + 2*v + 15. Suppose -4*k = -k - j. What is the tens digit of k?
3
Suppose 1 = -m + 5*m + s, 3*m = -5*s + 5. Let h = 7 - m. Suppose p - h = 5. What is the tens digit of p?
1
Let x(m) = 16 + 2 + m - 8. Let a be x(-8). Suppose 0 = a*p - 60 - 28. What is the units digit of p?
4
Suppose -f = -m, 3*f + f - 28 = -3*m. Suppose -7 = -m*b + 9. Suppose 15 = -b*c + 67. What is the units digit of c?
3
Suppose 984*z - 57280 = 944*z. What is the tens digit of z?
3
Let n(t) = 101*t**2 + 96*t + 23. What is the units digit of n(-7)?
0
Let v(x) = 3 + 12*x**2 + 4*x - x**3 - 1 - 9. Let o be v(12). Let j = -22 + o. What is the tens digit of j?
1
Suppose 2*b = 22 - 0. Let i(f) = f - b*f - 3*f + 5 - 2. What is the tens digit of i(-2)?
2
Let m be 2652/(-24) + 3/(-2). Let g = -66 - m. What is the tens digit of g?
4
Let n = 62 + -25. What is the tens digit of n?
3
Let t be (-6)/(-10) + (-6035)/(-25). Let u = t + -106. Suppose -p = -r + 68 - 16, 3*r = -2*p + u. What is the tens digit of r?
4
Let m = 23 + -14. Let v = 14 - m. What is the tens digit of v + 7 - (1 - 3)?
1
Let r(l) = 72*l**2 - 5*l - 26. What is the units digit of r(-3)?
7
Suppose 0 = -n + 2*t + 3, 13 = n + n + 3*t. Suppose -78 = n*q - 7*q. What is the units digit of q?
9
Suppose 7*t + 3408 = 11199. What is the tens digit of t?
1
Suppose 0 = w + 3*w. Suppose y + 29 - 109 = w. Suppose -y = 3*c - 7*c. What is the tens digit of c?
2
Let h(d) = -3*d**3 - 4*d**2 - d - 4. Let q(w) = -w**3 - 1. Let o(n) = h(n) - 2*q(n). What is the units digit of o(-4)?
2
Let g(t) = 19*t**2 - 32*t + 289. What is the hundreds digit of g(7)?
9
Let l(f) = 0 + 5*f + 0 - 1. Let b be l(1). Suppose 9*a - b*a - 120 = 0. What is the tens digit of a?
2
Let f(b) = -b + 2. Let m be f(-2). Suppose 3*x = 4*x - m. Suppose -44 = -x*k + 60. What is the units digit of k?
6
Suppose -9 = -b - 0*t + t, 0 = -3*t - 3. Let m be (-3)/12 - (-2)/b. Suppose m = -6*v + 4*v + 20. What is the units digit of v?
0
Let s(a) = 23*a + 41. What is the tens digit of s(32)?
7
Let n = -48 - -23. Let p = 5 - n. What is the tens digit of p?
3
Suppose -2*w + w + 178 = 0. Suppose -5*a + i = -i + 296, 3*a = i - w. What is the units digit of (1 + 0)/((-3)/a)?
0
Let g = -1267 + 2073. What is the tens digit of g?
0
Suppose -2*o = w - 60, w - 44*o = -42*o + 80. What is the units digit of w?
0
Let s(h) be the third derivative of h**6/30 - h**5/20 + h**4/24 - h**3/6 - 10*h**2. Let f be s(2). What is the units digit of (133/f)/((-2)/(-6))?
9
What is the hundreds digit of 2/10*-1 + 472098/115?
1
Let o be (12/16 - 363/4)/(-1). Let w = -61 + o. What is the tens digit of w?
2
Let l(v) = 55*v - 14. Let i be l(8). Suppose 4*s - i = 214. What is the tens digit of s?
6
Let c be 0 + 0 - 1440/(-9). What is the units digit of ((-24)/10)/((-12)/c)?
2
Let h(m) = m**2 - 8*m - 7. Let v(l) = -l**2 + 9*l + 8. Let q(p) = 3*h(p) + 4*v(p). Suppose 3*k - 3*o + 48 = 8*k, 20 = k - 2*o. What is the units digit of q(k)?
1
Let m(g) = 65*g**2 + 11*g - 24. What is the hundreds digit of m(3)?
5
Let b = 931 + -95. What is the units digit of b?
6
Let s(k) = k**3 - 13*k**2 + 15*k + 17. Let c be s(12). Suppose -4*i + 65 = -i - v, 3*i - c = -5*v. Let f = 32 - i. What is the tens digit of f?
1
Suppose 3 = -6*a + 21. Suppose -a*q + 8*p + 250 = 3*p, -4*q = 5*p - 310. What is the tens digit of q?
8
Let t(a) = a**2 + a + 20. Let y be t(0). Suppose 2*d + y = 54. Suppose 5*j = d + 148. What is the units digit of j?
3
Suppose -3*l - 5*a = -202, 5*l - 21 = 5*a + 329. Suppose -7*r + 2*r - l = -2*p, -3*r - 79 = -2*p. What is the units digit of p?
7
Let n(l) = -10*l - 7. Let h be n(-3). Let j = h + 45. What is the units digit of j?
8
What is the hundreds digit of 6/12*2614 + -2?
3
Suppose -76 - 429 = -5*h. Let y = -64 + h. What is the tens digit of y?
3
Let h(n) = -5*n + 3. Let q(y) = -10*y + 5. Let d(c) = 5*h(c) - 2*q(c). Let g be (-15)/(-3)*(-4)/5. What is the tens digit of d(g)?
2
Let x(g) = 7*g - 5. Suppose -5*v - 3*r = -203, 0 = -v + 6*v - 3*r - 197. Suppose -c + 5*w = -16, -3*c + 5*w + v = 2. What is the tens digit of x(c)?
7
Let o(d) = -d**2 - 13*d - 12. Suppose -72 = -5*p - a, 0*p - 46 = -4*p + 5*a. Let f be (8 + p)*2/(-4). What is the tens digit of o(f)?
1
Let i(c) = -65*c + 101. What is the units digit of i(-6)?
1
Let a(p) = -p**3 + 2*p**2 - 12*p + 13. Let f be a(-9). What is the tens digit of (-1)/6 - f/(-24)?
4
Suppose 0 = -7*t + 3*t - 16. Let r(h) = h**2 - 3*h + 1. What is the units digit of r(t)?
9
Suppose -5*r + c + 3896 = 379, -5*r - c + 3523 = 0. What is the tens digit of r?
0
Let q be 0 + (-8 + 5 - -12). Suppose q*y + 355 = 1345. What is the hundreds digit of y?
1
What is the hundreds digit of 208*6 + 16/24*-3?
2
Let c = 7 + -2. Suppose -r - 71 = -c*h + 38, r - 38 = -2*h. Let i = -15 + h. What is the units digit of i?
6
Let u(a) = a - 3. Let o be u(7). Let f = o + 1. Suppose -110 = -f*q - 10. What is the units digit of q?
0
Let k be (-1 - -1)/(15/5). Suppose 3*u + 0*b + 139 = -4*b, -2*u + b - 89 = k. What is the units digit of ((-432)/u)/(2/10)?
8
Let g(q) = -7*q + 2. Let w be g(-1). Let d(x) = -x - 11. Let r be d(-5). What is the tens digit of w/r + 231/6?
3
Let f be 25/(-10)*((-54)/(-15))/(